at is the units digit of 2300?
0
What is the thousands digit of 4707?
4
What is the units digit of 5400?
0
What is the units digit of 752?
2
What is the units digit of 306?
6
What is the thousands digit of 1232?
1
What is the tens digit of 2855?
5
What is the tens digit of 4354?
5
What is the tens digit of 591?
9
What is the ten thousands digit of 36247?
3
What is the tens digit of 559?
5
What is the thousands digit of 3708?
3
What is the hundreds digit of 49646?
6
What is the units digit of 564?
4
What is the thousands digit of 3859?
3
What is the hundreds digit of 3700?
7
What is the tens digit of 9483?
8
What is the ten thousands digit of 102408?
0
What is the units digit of 1162?
2
What is the thousands digit of 10725?
0
What is the tens digit of 2419?
1
What is the units digit of 26884?
4
What is the hundred thousands digit of 117634?
1
What is the tens digit of 756?
5
What is the units digit of 865?
5
What is the tens digit of 3160?
6
What is the ten thousands digit of 22973?
2
What is the units digit of 3584?
4
What is the tens digit of 6641?
4
What is the units digit of 199?
9
What is the ten thousands digit of 10930?
1
What is the units digit of 1654?
4
What is the tens digit of 10588?
8
What is the units digit of 358?
8
What is the units digit of 1053?
3
What is the thousands digit of 1449?
1
What is the units digit of 471?
1
What is the tens digit of 9375?
7
What is the units digit of 22543?
3
What is the tens digit of 413?
1
What is the units digit of 5790?
0
What is the tens digit of 22967?
6
What is the thousands digit of 1082?
1
What is the tens digit of 2188?
8
What is the hundreds digit of 16584?
5
What is the thousands digit of 4593?
4
What is the hundreds digit of 4143?
1
What is the tens digit of 32855?
5
What is the units digit of 30232?
2
What is the hundreds digit of 8557?
5
What is the tens digit of 3351?
5
What is the tens digit of 82032?
3
What is the units digit of 877?
7
What is the tens digit of 115520?
2
What is the units digit of 70715?
5
What is the units digit of 674?
4
What is the units digit of 9001?
1
What is the tens digit of 8714?
1
What is the hundreds digit of 42775?
7
What is the thousands digit of 5430?
5
What is the hundreds digit of 14714?
7
What is the hundreds digit of 137?
1
What is the units digit of 1492?
2
What is the tens digit of 693?
9
What is the hundreds digit of 29322?
3
What is the hundreds digit of 2884?
8
What is the tens digit of 42806?
0
What is the thousands digit of 89263?
9
What is the thousands digit of 6583?
6
What is the tens digit of 329?
2
What is the units digit of 52741?
1
What is the units digit of 11457?
7
What is the thousands digit of 1137?
1
What is the hundreds digit of 6381?
3
What is the units digit of 3309?
9
What is the thousands digit of 4607?
4
What is the tens digit of 2893?
9
What is the ten thousands digit of 91388?
9
What is the hundreds digit of 6161?
1
What is the thousands digit of 3894?
3
What is the tens digit of 7339?
3
What is the tens digit of 156?
5
What is the ten thousands digit of 133732?
3
What is the thousands digit of 8776?
8
What is the ten thousands digit of 34705?
3
What is the ten thousands digit of 26229?
2
What is the hundreds digit of 63510?
5
What is the thousands digit of 1379?
1
What is the thousands digit of 3163?
3
What is the thousands digit of 1063?
1
What is the tens digit of 4167?
6
What is the hundreds digit of 39461?
4
What is the units digit of 94364?
4
What is the hundreds digit of 18425?
4
What is the units digit of 33393?
3
What is the thousands digit of 8917?
8
What is the ten thousands digit of 33110?
3
What is the tens digit of 44948?
4
What is the tens digit of 22975?
7
What is the thousands digit of 107380?
7
What is the units digit of 6988?
8
What is the hundreds digit of 58160?
1
What is the hundreds digit of 262?
2
What is the thousands digit of 1985?
1
What is the hundreds digit of 6740?
7
What is the thousands digit of 6283?
6
What is the hundreds digit of 359?
3
What is the units digit of 14162?
2
What is the units digit of 40?
0
What is the tens digit of 159635?
3
What is the hundreds digit of 12230?
2
What is the thousands digit of 25098?
5
What is the tens digit of 16700?
0
What is the tens digit of 5921?
2
What is the thousands digit of 17402?
7
What is the ten thousands digit of 36725?
3
What is the hundreds digit of 5680?
6
What is the units digit of 2367?
7
What is the thousands digit of 47352?
7
What is the thousands digit of 15894?
5
What is the hundreds digit of 3255?
2
What is the thousands digit of 1916?
1
What is the thousands digit of 29276?
9
What is the units digit of 136?
6
What is the ten thousands digit of 96728?
9
What is the tens digit of 462?
6
What is the units digit of 19491?
1
What is the hundreds digit of 8682?
6
What is the hundreds digit of 6061?
0
What is the tens digit of 4167?
6
What is the ten thousands digit of 102109?
0
What is the hundreds digit of 2168?
1
What is the ten thousands digit of 22219?
2
What is the tens digit of 4353?
5
What is the hundreds digit of 80902?
9
What is the thousands digit of 2353?
2
What is the units digit of 3835?
5
What is the units digit of 1537?
7
What is the hundreds digit of 67665?
6
What is the hundreds digit of 469?
4
What is the thousands digit of 2476?
2
What is the tens digit of 4929?
2
What is the thousands digit of 2162?
2
What is the hundreds digit of 7076?
0
What is the tens digit of 14631?
3
What is the units digit of 9209?
9
What is the thousands digit of 2073?
2
What is the hundreds digit of 5026?
0
What is the tens digit of 29562?
6
What is the thousands digit of 18767?
8
What is the units digit of 1315?
5
What is the units digit of 8118?
8
What is the tens digit of 2871?
7
What is the thousands digit of 3168?
3
What is the units digit of 32074?
4
What is the units digit of 620?
0
What is the units digit of 4422?
2
What is the tens digit of 353?
5
What is the units digit of 1951?
1
What is the tens digit of 345?
4
What is the thousands digit of 5355?
5
What is the units digit of 10940?
0
What is the tens digit of 43484?
8
What is the units digit of 491?
1
What is the hundreds digit of 964?
9
What is the thousands digit of 4436?
4
What is the units digit of 860?
0
What is the hundreds digit of 3929?
9
What is the units digit of 2053?
3
What is the thousands digit of 9021?
9
What is the tens digit of 137?
3
What is the units digit of 32102?
2
What is the hundreds digit of 62842?
8
What is the units digit of 4182?
2
What is the ten thousands digit of 15067?
1
What is the tens digit of 2713?
1
What is the hundreds digit of 12574?
5
What is the tens digit of 12609?
0
What is the hundreds digit of 62701?
7
What is the hundreds digit of 3673?
6
What is the tens digit of 837?
3
What is the thousands digit of 2636?
2
What is the tens digit of 5701?
0
What is the tens digit of 4577?
7
What is the tens digit of 60544?
4
What is the ten thousands digit of 34028?
3
What is the tens digit of 3424?
2
What is the thousands digit of 4492?
4
What is the thousands digit of 41080?
1
What is the thousands digit of 1858?
1
What is the units digit of 191007?
7
What is the tens digit of 7406?
0
What is the tens digit of 8317?
1
What is the hundreds digit of 806?
8
What is the units digit of 92?
2
What is the units digit of 106146?
6
What is the units digit of 1530?
0
What is the tens digit of 14884?
8
What is the hundreds digit of 44382?
3
What is the tens digit of 8502?
0
What is the thousands digit of 4862?
4
What is the hundreds digit of 4606?
6
What is the hundreds digit of 1096?
0
What is the hundreds digit of 13933?
9
What is the hundreds digit of 22450?
4
What is the tens digit of 5256?
5
What is the ten thousands digit of 44931?
4
What is the thousands digit of 63988?
3
What is the hundred thousands digit of 110615?
1
What is the tens digit of 30866?
6
What is the tens digit of 6614?
1
What is the tens digit of 163?
6
What is the units digit of 5330?
0
What is the tens digit of 909?
0
What is the hundreds digit of 5558?
5
What is the hundreds digit of 21838?
8
What is the hundreds digit of 23776?
7
What is the hundreds digit of 1470?
4
What is the tens digit of 21913?
1
What is the thousands digit of 17810?
7
What is the units digit of 6674?
